 = -20*n**2 + 161*n + 24. What is w(15)?
-2061
Let r(l) = 26*l**3 + 880*l**2 - 1051*l - 51. Determine r(-35).
-16
Let c(r) = -227*r**2 + 88307*r - 1908. Give c(389).
-352
Let z(q) = -407*q + 16294. Give z(40).
14
Let p(v) = 266*v - 88151. Determine p(332).
161
Let i(o) = 7*o**2 - 10*o - 7. What is i(6)?
185
Let x(a) = -4*a**2 + 53*a + 711. Determine x(27).
-774
Let i(t) = -1875*t - 119920. Determine i(-64).
80
Let o(p) = -600*p**2 + 5401*p - 72. Give o(9).
-63
Let z(w) = w**3 + 225*w**2 + 5345*w + 156. Calculate z(-198).
354
Let v(t) = 146851*t + 293695. Calculate v(-2).
-7
Let r(t) = -t**3 + 287*t**2 + 879*t - 2546. Give r(290).
64
Let p(y) = 44408*y - 20. Determine p(0).
-20
Let x(f) = 5271*f + 326781. Give x(-62).
-21
Let r(u) = 17695*u + 300823. What is r(-17)?
8
Let p(y) = -y**2 + 179*y - 4861. Calculate p(39).
599
Let k(w) = 8*w**3 - 12*w**2 - 2026*w + 4045. Give k(2).
9
Let f(a) = 3*a**3 - 24*a**2 - 195*a + 86. Give f(-9).
-2290
Let v(o) = 14*o**2 - 393*o + 37. What is v(28)?
9
Let j(l) = -439*l**3 + 7*l**2 + 6*l + 4. What is j(-1)?
444
Let x(o) = -61*o**2 - 286*o + 3. Calculate x(-5).
-92
Let c(g) = 32*g**3 - 3870*g**2 - 241*g + 50. Calculate c(121).
171
Let f(v) = -14*v**3 - 27*v**2 + 102*v + 47. Give f(-3).
-124
Let w(r) = -2*r**3 - 33*r**2 - 57*r + 196. What is w(-14)?
14
Let s(x) = x**3 - 23*x**2 + 334*x - 3554. What is s(15)?
-344
Let d(g) = 3685*g - 250576. Give d(68).
4
Let u(j) = -3*j + 394. Determine u(-36).
502
Let h(k) = -2*k**2 + 33*k + 71058. Calculate h(196).
694
Let z(k) = 200*k**2 + 2858*k + 3364. What is z(-13)?
10
Let z(o) = -614*o - 6303. Give z(-10).
-163
Let t(i) = -192*i**3 + 4*i**2 + 12*i - 12. Calculate t(1).
-188
Let u(z) = -5*z**3 - 1074*z**2 - 3164*z + 43. Determine u(-3).
4
Let y(c) = -855*c**2 + 1915*c + 1946. What is y(3)?
-4
Let h(u) = 2*u**3 + 10*u**2 - 2*u + 13. Give h(-9).
-617
Let h(r) = 245364*r - 2699002. Determine h(11).
2
Let w(u) = -2*u**3 + 258*u + 1445. Determine w(-6).
329
Let m(d) = -d**2 + 170*d - 3537. Give m(23).
-156
Let w(n) = -36*n**3 - 35*n**2 - 40*n - 113. Determine w(-4).
1791
Let o(r) = 2889*r + 37576. Determine o(-13).
19
Let t(x) = -907*x + 14706. Determine t(18).
-1620
Let u(z) = 316*z - 3822. What is u(12)?
-30
Let p(z) = -6*z**2 + 792*z - 5120. Give p(126).
-584
Let b(k) = 225*k + 4054. Determine b(-18).
4
Let p(b) = -9*b**3 + 457*b**2 + 96*b + 129. What is p(51)?
-177
Let s(i) = 368172*i + 8099779. Calculate s(-22).
-5
Let s(f) = f**3 + 34*f**2 - 259*f - 202. Calculate s(7).
-6
Let c(y) = y**3 - 272*y**2 - 1952*y + 774. Calculate c(279).
1053
Let n(z) = -211*z**2 + 418*z - 426. Determine n(1).
-219
Let n(i) = -i**3 - 239*i**2 - 14126*i - 264. Determine n(-107).
-50
Let z(q) = 2*q**3 - 2441*q**2 - 7334*q + 16. What is z(-3)?
-5
Let w(d) = -d**2 + 4439*d - 526682. Give w(122).
-8
Let u(t) = -73119*t - 1096750. Calculate u(-15).
35
Let y(u) = -1277*u - 23052. Calculate y(-18).
-66
Let b(u) = -7*u**2 - 193*u + 2580. Calculate b(10).
-50
Let u(q) = -3*q**3 + 838*q**2 + 5991*q - 162. Give u(-7).
-8
Let u(h) = -2129*h + 11935. What is u(6)?
-839
Let j(x) = 6*x**2 + 2761*x + 8291. What is j(-3)?
62
Let c(t) = 2*t**3 - 104*t**2 + 249*t - 1034. What is c(50)?
1416
Let k(n) = 14*n**3 - 91*n**2 - 60*n + 203. Determine k(7).
126
Let j(t) = -59*t**2 + 117*t - 230. Calculate j(2).
-232
Let m(l) = 1362*l - 21835. Determine m(16).
-43
Let n(m) = m**3 - 15*m**2 - 4*m + 2365. Calculate n(0).
2365
Let j(i) = i**2 + 2564*i + 1298958. Calculate j(-695).
3
Let j(h) = -h**3 + 262*h**2 + 3345*h - 15474. Give j(274).
144
Let z(d) = 9*d**3 + 27*d**2 - 348*d + 108. What is z(-8)?
12
Let a(b) = -4*b**2 - 66262*b + 8210741. Calculate a(123).
-1
Let t(l) = 2*l**3 + 73*l**2 + 189*l - 132. What is t(-35)?
-3072
Let u(o) = -23512*o + 117540. What is u(5)?
-20
Let t(g) = 79*g**2 - 1746*g - 1744. Determine t(-1).
81
Let x(n) = -n**2 - 325*n - 11580. What is x(-293)?
-2204
Let g(c) = -20*c**3 - 501*c**2 - 500*c + 78. Determine g(-24).
-18
Let l(w) = -16171*w**2 - 113195*w + 6. Give l(-7).
-8
Let i(q) = 4*q**2 + 1190*q - 50280. Calculate i(-335).
-30
Let s(c) = -c**3 + 357*c**2 - 1395*c - 128548. Calculate s(352).
-68
Let v(k) = -2*k**3 - 13*k**2 + 61*k - 76. Calculate v(4).
-168
Let d(i) = 3929*i - 1033338. Determine d(263).
-11
Let o(k) = 27629*k + 194095. What is o(-7)?
692
Let x(z) = 36*z**3 + 121*z**2 + 43*z + 8. Calculate x(-3).
-4
Let g(v) = 9684*v + 677871. What is g(-70)?
-9
Let p(v) = v**2 + 7140*v - 1048873. Determine p(144).
23
Let k(u) = 3*u**2 + 134*u + 633. Determine k(-36).
-303
Let h(z) = z**3 + 136*z**2 + 256*z - 1576. What is h(-134)?
32
Let z(w) = -2*w**3 + 122*w**2 + 1014*w - 55175. Determine z(62).
5
Let l(z) = -3*z**3 - 29*z**2 - 46*z + 68. Calculate l(-5).
-52
Let v(s) = -3*s**3 - 90*s**2 - 144*s - 736. Calculate v(-29).
917
Let f(g) = g**3 - 19*g**2 - 539*g + 329. What is f(-16)?
-7
Let m(z) = 1752*z - 38534. Calculate m(22).
10
Let s(r) = 10*r**3 + 20*r**2 - 82*r + 57. Calculate s(1).
5
Let u(h) = h**3 - 119*h**2 + 496*h + 8305. Give u(114).
-131
Let k(r) = 1256*r**2 - 10*r + 119. Give k(0).
119
Let z(o) = -207*o - 141. Give z(-2).
273
Let t(v) = -v**2 + 290*v + 35230. What is t(-97)?
-2309
Let n(l) = l**3 + 177*l**2 + 1190*l - 151. Give n(-7).
-151
Let b(x) = 3*x**2 + 77*x + 1284. Determine b(0).
1284
Let k(h) = -2577*h + 33949. Determine k(12).
3025
Let l(i) = 1342*i - 913769. Calculate l(681).
133
Let r(m) = -22307*m + 88187. Give r(4).
-1041
Let m(s) = s**3 + 717*s**2 - 1520*s - 58955. Calculate m(-719).
3
Let n(k) = -496*k**3 + 3*k**2 - 129*k + 127. Determine n(1).
-495
Let b(p) = p**3 + 42*p**2 + 173*p + 5464. Calculate b(-41).
52
Let f(u) = 2040*u + 323671. Calculate f(-159).
-689
Let h(m) = -583*m + 13524. What is h(24)?
-468
Let p(n) = -106*n + 2214. What is p(9)?
1260
Let m(o) = -16*o**3 - 5*o**2 + 9*o - 53. Give m(4).
-1121
Let m(y) = 401221*y + 20061051. What is m(-50)?
1
Let h(u) = 6229*u**2 + 24918*u - 8. Give h(-4).
-16
Let b(k) = -628*k - 18152. Give b(-29).
60
Let r(x) = -2*x**3 - 14*x**2 - 82*x - 126. What is r(-5)?
184
Let b(s) = -s**3 + 18*s**2 - 1114*s + 13624. Determine b(13).
-13
Let m(y) = -3*y**3 - 191*y**2 + 265*y + 12835. What is m(-64)?
-29
Let q(u) = -2*u**2 + 303*u + 11520. Calculate q(183).
-9
Let w(u) = -9*u**2 + 684*u + 489. Calculate w(76).
489
Let u(w) = -1037*w - 82954. Calculate u(-80).
6
Let h(k) = 350*k - 9446. What is h(27)?
4
Let m(s) = 2*s**3 + 83*s**2 - 298*s + 745. Give m(-45).
-20
Let l(m) = 39*m + 788. Give l(22).
1646
Let l(k) = -137*k**2 + 262*k + 3. Give l(-2).
-1069
Let b(s) = -s**3 - 4*s**2 - 29736*s - 238148. Determine b(-8).
-4
Let k(h) = 17*h**2 - 1603*h + 13088. Give k(9).
38
Let g(n) = 3*n**2 - 3332*n - 968. Give g(0).
-968
Let i(z) = -4047*z + 32431. Give i(8).
55
Let z(d) = -d**3 + 89*d**2 - 867*d - 70. What is z(78)?
-772
Let i(h) = 1685*h - 1544. Determine i(1).
141
Let c(h) = -3405*h + 132803. Give c(39).
8
Let a(x) = 4335*x + 949279. What is a(-219)?
-86
Let m(b) = -b**3 + 7*b**2 + 947*b + 84. What is m(0)?
84
Let v(m) = 2*m**2 - 86*m + 815. Determine v(40).
575
Let k(p) = -9*p**2 - 670*p - 3135. Determine k(-69).
246
Let q(y) = y**3 + 28*y**2 - 24*y + 2491. Determine q(-33).
-2162
Let x(m) = -6644*m - 504646. Determine x(-76).
298
Let a(n) = -3*n**2 - 171*n + 8597. What is a(-89)?
53
Let s(f) = -438*f - 2667. What is s(-6)?
-39
Let i(h) = 4*h**2 - 788*h - 23884. Determine i(-29).
2332
Let j(p) = p**2 + 151*p + 765. Determine j(-136).
-1275
Let z(c) = 21*c**3 + 1574*c**2 + 5895*c + 151. What is z(-71)?
9
Let n(z) = 77*z + 1093. Give n(-13).
92
Let d(z) = 1214*z + 1036. Calculate d(-1).
-178
Let m(n) = 72*n**2 - 147*n - 292. Give m(-2).
290
Let u(a) = -10*a**2 - 427*a + 1654. Determine u(-46).
136
Let o(b) = b**3 + 29*b**2 + 60*b - 497. Give o(-18).
1987
Let f(u) = -2*u**2 + 152*u - 1501. What is f(54)?
875
Let x(k) = -10*k**2 + 936*k + 5330. Calculate x(99).
-16
Let x(z) = 3*z**2 - 1737*z + 50969. Determine x(31).
5
Let c(d) = -19855*d - 615549. Give c(-31).
-44
Let u(j) = -j**3 + 159*j**2 - 9106*j + 1413781. Calculate u(158).
-3
Let r(g) = -156*g - 9401. Determine r(-52).
-1289
Let t(s) = 4*s**3 - 115*s**2 - 2026*s + 783. Calculate t(41).
86
Let b(x) = 2406*x - 192056. Give b(80).
424
Let g(c) = -c**3 + 9*c**2 + 158*c - 1